{"id":6278,"date":"2022-11-19T12:10:13","date_gmt":"2022-11-19T11:10:13","guid":{"rendered":"https:\/\/admrbresserevermont.com\/?page_id=6278"},"modified":"2024-01-23T09:19:56","modified_gmt":"2024-01-23T08:19:56","slug":"emploi-benevolat-2","status":"publish","type":"page","link":"https:\/\/admrbresserevermont.com\/index.php\/emploi-benevolat-2\/","title":{"rendered":"EMPLOI\/B\u00c9N\u00c9VOLAT"},"content":{"rendered":"<div data-colibri-id=\"6278-c1\" class=\"style-908 style-local-6278-c1 position-relative\">\n  <!---->\n  <div data-colibri-component=\"section\" data-colibri-id=\"6278-c2\" id=\"about\" class=\"h-section h-section-global-spacing d-flex align-items-lg-center align-items-md-center align-items-center style-916 style-local-6278-c2 position-relative\">\n    <!---->\n    <!---->\n    <div class=\"h-section-grid-container h-section-boxed-container\">\n      <!---->\n      <div data-colibri-id=\"6278-c3\" class=\"h-row-container gutters-row-lg-2 gutters-row-md-2 gutters-row-2 gutters-row-v-lg-2 gutters-row-v-md-2 gutters-row-v-2 style-917 style-local-6278-c3 position-relative\">\n        <!---->\n        <div class=\"h-row justify-content-lg-center justify-content-md-center justify-content-center align-items-lg-stretch align-items-md-stretch align-items-stretch gutters-col-lg-2 gutters-col-md-2 gutters-col-2 gutters-col-v-lg-2 gutters-col-v-md-2 gutters-col-v-2\">\n          <!---->\n          <div class=\"h-column h-column-container d-flex h-col-lg-auto h-col-md-auto h-col-auto style-918-outer style-local-6278-c4-outer\">\n            <div data-colibri-id=\"6278-c4\" class=\"d-flex h-flex-basis h-column__inner h-px-lg-2 h-px-md-2 h-px-2 v-inner-lg-2 v-inner-md-2 v-inner-2 style-918 style-local-6278-c4 position-relative\">\n              <!---->\n              <!---->\n              <div class=\"w-100 h-y-container h-column__content h-column__v-align flex-basis-100 align-self-lg-center align-self-md-center align-self-center\">\n                <!---->\n                <div data-colibri-id=\"6278-c5\" class=\"h-global-transition-all h-heading style-920 style-local-6278-c5 position-relative h-element\">\n                  <!---->\n                  <div class=\"h-heading__outer style-920 style-local-6278-c5\">\n                    <!---->\n                    <!---->\n                    <h2 class=\"\"><span style=\"font-size: 79%;\">\u00c0 la recherche d\u2019un travail dans <\/span><em style=\"font-size: 79%; color: rgb(3, 169, 244); font-family: &quot;Playfair Display&quot;;\">l&#8217;aide \u00e0 la personne<\/em><span style=\"font-size: 79%;\">, dans une association locale qui met en valeur&nbsp;<\/span>\n                      <em\n                        style=\"font-size: 79%; color: rgb(3, 169, 244); font-family: &quot;Playfair Display&quot;;\">le respect&nbsp;<\/em><span style=\"font-size: 79%;\">des relations humaines ?<\/span><\/h2>\n                  <\/div>\n                <\/div>\n                <div data-colibri-id=\"6278-c6\" class=\"h-lead h-text h-text-component style-921 style-local-6278-c6 position-relative h-element\">\n                  <!---->\n                  <!---->\n                  <div class=\"\">\n                    <p>Vous \u00eates dipl\u00f4m\u00e9(e)&nbsp;<strong>Auxiliaire de vie sociale<\/strong>&nbsp;ou&nbsp;<strong>aide \u00e0 domicile.<\/strong>&nbsp;Vous souhaitez rejoindre une \u00e9quipe dynamique et soucieuse&nbsp;du bien-\u00eatre des personnes b\u00e9n\u00e9ficiaires de nos\n                      services ?\n                      <br>\n                      <br>Contactez&nbsp;<strong style=\"color: rgb(75, 156, 242);\">Karine Gorynia<\/strong><span style=\"color: rgb(255, 153, 0);\">&nbsp;<\/span>au&nbsp;<strong style=\"color: rgb(75, 156, 242);\">04 74 25 85 37<\/strong><span style=\"color: rgb(75, 156, 242);\">&nbsp;<\/span>&nbsp;&nbsp;\n                      <br>ou par mail :&nbsp;<strong style=\"color: rgb(75, 156, 242);\">kgorynia@fede01.admr.org<\/strong><strong><br><br>Elle vous donnera un rendez-vous pour un entretien d\u2019embauche !<\/strong><\/p>\n                  <\/div>\n                <\/div>\n                <div data-colibri-id=\"6278-c7\" class=\"h-x-container style-922 style-local-6278-c7 position-relative h-element\">\n                  <!---->\n                  <div class=\"h-x-container-inner style-dynamic-6278-c7-group style-922-spacing style-local-6278-c7-spacing\"><span class=\"h-button__outer style-923-outer style-local-6278-c8-outer d-inline-flex h-element\"><a h-use-smooth-scroll=\"true\" href=\"https:\/\/admrbresserevermont.com\/index.php\/contact\/\"  data-colibri-id=\"6278-c8\" class=\"d-flex w-100 align-items-center h-button justify-content-lg-center justify-content-md-center justify-content-center style-923 style-local-6278-c8 position-relative\"><!----><!----> <span>OU CLIQUEZ ICI<\/span><\/a>\n                    <\/span>\n                  <\/div>\n                <\/div>\n              <\/div>\n            <\/div>\n          <\/div>\n          <div class=\"h-column h-column-container d-flex h-col-lg-auto h-col-md-auto h-col-auto style-924-outer style-local-6278-c9-outer\">\n            <div data-colibri-id=\"6278-c9\" class=\"d-flex h-flex-basis h-column__inner h-px-lg-2 h-px-md-2 h-px-2 v-inner-lg-2 v-inner-md-2 v-inner-2 style-924 style-local-6278-c9 position-relative\">\n              <!---->\n              <!---->\n              <div class=\"w-100 h-y-container h-column__content h-column__v-align flex-basis-100 align-self-lg-center align-self-md-center align-self-center\">\n                <!---->\n                <div data-colibri-id=\"6278-c10\" class=\"d-block style-925 style-local-6278-c10 position-relative h-element\">\n                  <!---->\n                  <div class=\"h-image__frame-container-outer\">\n                    <div class=\"h-image__frame-container\">\n                      <!---->\n                      <!---->\n                      <img loading=\"lazy\" decoding=\"async\" width=\"1718\" height=\"1723\" src=\"https:\/\/admrbresserevermont.com\/wp-content\/uploads\/2021\/09\/cropped-3e-affiche-1.jpg\" class=\"wp-image-4835 style-925-image style-local-6278-c10-image\" alt=\"\" srcset=\"https:\/\/admrbresserevermont.com\/wp-content\/uploads\/2021\/09\/cropped-3e-affiche-1.jpg 1718w, https:\/\/admrbresserevermont.com\/wp-content\/uploads\/2021\/09\/cropped-3e-affiche-1-300x300.jpg 300w, https:\/\/admrbresserevermont.com\/wp-content\/uploads\/2021\/09\/cropped-3e-affiche-1-1021x1024.jpg 1021w, https:\/\/admrbresserevermont.com\/wp-content\/uploads\/2021\/09\/cropped-3e-affiche-1-150x150.jpg 150w, https:\/\/admrbresserevermont.com\/wp-content\/uploads\/2021\/09\/cropped-3e-affiche-1-768x770.jpg 768w, https:\/\/admrbresserevermont.com\/wp-content\/uploads\/2021\/09\/cropped-3e-affiche-1-1532x1536.jpg 1532w\" sizes=\"auto, (max-width: 1718px) 100vw, 1718px\" \/>\n                      <div class=\"h-image__frame h-hide-sm style-925-frameImage style-local-6278-c10-frameImage\"><\/div>\n                    <\/div>\n                  <\/div>\n                <\/div>\n              <\/div>\n            <\/div>\n          <\/div>\n        <\/div>\n      <\/div>\n    <\/div>\n  <\/div>\n  <div data-colibri-component=\"section\" data-colibri-id=\"6278-c11\" id=\"about-2\" class=\"h-section h-section-global-spacing d-flex align-items-lg-center align-items-md-center align-items-center style-926 style-local-6278-c11 position-relative\">\n    <!---->\n    <!---->\n    <div class=\"h-section-grid-container h-section-boxed-container\">\n      <!---->\n      <div data-colibri-id=\"6278-c12\" class=\"h-row-container gutters-row-lg-2 gutters-row-md-2 gutters-row-2 gutters-row-v-lg-2 gutters-row-v-md-2 gutters-row-v-2 style-927 style-local-6278-c12 position-relative\">\n        <!---->\n        <div class=\"h-row justify-content-lg-center justify-content-md-center justify-content-center align-items-lg-stretch align-items-md-stretch align-items-stretch gutters-col-lg-2 gutters-col-md-2 gutters-col-2 gutters-col-v-lg-2 gutters-col-v-md-2 gutters-col-v-2\">\n          <!---->\n          <div class=\"h-column h-column-container d-flex h-col-lg-auto h-col-md-auto h-col-auto style-934-outer style-local-6278-c13-outer\">\n            <div data-colibri-id=\"6278-c13\" class=\"d-flex h-flex-basis h-column__inner h-px-lg-2 h-px-md-2 h-px-2 v-inner-lg-2 v-inner-md-2 v-inner-2 style-934 style-local-6278-c13 position-relative\">\n              <!---->\n              <!---->\n              <div class=\"w-100 h-y-container h-column__content h-column__v-align flex-basis-100 align-self-lg-center align-self-md-center align-self-center\">\n                <!---->\n                <div data-colibri-id=\"6278-c14\" class=\"d-block style-935 style-local-6278-c14 position-relative h-element\">\n                  <!---->\n                  <div class=\"h-image__frame-container-outer\">\n                    <div class=\"h-image__frame-container\">\n                      <!---->\n                      <!---->\n                      <img loading=\"lazy\" decoding=\"async\" width=\"3508\" height=\"1942\" src=\"https:\/\/admrbresserevermont.com\/wp-content\/uploads\/2022\/11\/osonslebenevolatadmr_logo_q.png\" class=\"wp-image-5858 style-935-image style-local-6278-c14-image\" alt=\"\" srcset=\"https:\/\/admrbresserevermont.com\/wp-content\/uploads\/2022\/11\/osonslebenevolatadmr_logo_q.png 3508w, https:\/\/admrbresserevermont.com\/wp-content\/uploads\/2022\/11\/osonslebenevolatadmr_logo_q-300x166.png 300w, https:\/\/admrbresserevermont.com\/wp-content\/uploads\/2022\/11\/osonslebenevolatadmr_logo_q-1024x567.png 1024w, https:\/\/admrbresserevermont.com\/wp-content\/uploads\/2022\/11\/osonslebenevolatadmr_logo_q-768x425.png 768w, https:\/\/admrbresserevermont.com\/wp-content\/uploads\/2022\/11\/osonslebenevolatadmr_logo_q-1536x850.png 1536w, https:\/\/admrbresserevermont.com\/wp-content\/uploads\/2022\/11\/osonslebenevolatadmr_logo_q-2048x1134.png 2048w\" sizes=\"auto, (max-width: 3508px) 100vw, 3508px\" \/>\n                      <div class=\"h-image__frame h-hide-lg h-hide-md h-hide-sm style-935-frameImage style-local-6278-c14-frameImage\"><\/div>\n                    <\/div>\n                  <\/div>\n                <\/div>\n              <\/div>\n            <\/div>\n          <\/div>\n          <div class=\"h-column h-column-container d-flex h-col-lg-auto h-col-md-auto h-col-auto style-928-outer style-local-6278-c15-outer\">\n            <div data-colibri-id=\"6278-c15\" class=\"d-flex h-flex-basis h-column__inner h-px-lg-2 h-px-md-2 h-px-2 v-inner-lg-2 v-inner-md-2 v-inner-2 style-928 style-local-6278-c15 position-relative\">\n              <!---->\n              <!---->\n              <div class=\"w-100 h-y-container h-column__content h-column__v-align flex-basis-100 align-self-lg-center align-self-md-center align-self-center\">\n                <!---->\n                <div data-colibri-id=\"6278-c16\" class=\"h-global-transition-all h-heading style-930 style-local-6278-c16 position-relative h-element\">\n                  <!---->\n                  <div class=\"h-heading__outer style-930 style-local-6278-c16\">\n                    <!---->\n                    <!---->\n                    <h2 class=\"\"><span style=\"font-size: 68%;\">Si ce que vous&nbsp;<\/span><em style=\"font-size: 68%; font-family: &quot;Playfair Display&quot;; color: rgb(3, 169, 244);\">recherchez<\/em><span style=\"font-size: 68%;\"> c&#8217;est :<\/span><\/h2>\n                  <\/div>\n                <\/div>\n                <div data-colibri-id=\"6278-c17\" class=\"h-lead h-text h-text-component style-931 style-local-6278-c17 position-relative h-element\">\n                  <!---->\n                  <!---->\n                  <div class=\"\">\n                    <p><span style=\"font-size: 94%;\">Sortir de chez moi.<br>Rencontrer des personnes nouvelles.<br>Me sentir utile.<br>Participer \u00e0 la vie locale.<br>Partager et \u00e9changer.<br>Prendre du plaisir !<\/span><\/p>\n                    <p><span style=\"font-size: 94%;\">Alors, rejoignez-nous !<\/span><\/p>\n                  <\/div>\n                <\/div>\n                <div data-colibri-id=\"6278-c18\" class=\"h-x-container style-932 style-local-6278-c18 position-relative h-element\">\n                  <!---->\n                  <div class=\"h-x-container-inner style-dynamic-6278-c18-group style-932-spacing style-local-6278-c18-spacing\"><span class=\"h-button__outer style-933-outer style-local-6278-c19-outer d-inline-flex h-element\"><a h-use-smooth-scroll=\"true\" href=\"https:\/\/admrbresserevermont.com\/index.php\/contact\/\"  data-colibri-id=\"6278-c19\" class=\"d-flex w-100 align-items-center h-button justify-content-lg-center justify-content-md-center justify-content-center style-933 style-local-6278-c19 position-relative\"><!----><!----> <span>FORMULAIRE DE CONTACT<\/span><\/a>\n                    <\/span>\n                  <\/div>\n                <\/div>\n              <\/div>\n            <\/div>\n          <\/div>\n        <\/div>\n      <\/div>\n    <\/div>\n  <\/div>\n  <div data-colibri-component=\"section\" data-colibri-id=\"6278-c20\" id=\"custom\" class=\"h-section h-section-global-spacing d-flex align-items-lg-center align-items-md-center align-items-center style-1242 style-local-6278-c20 position-relative\">\n    <!---->\n    <!---->\n    <div class=\"h-section-grid-container h-section-boxed-container\">\n      <!---->\n      <div data-colibri-id=\"6278-c21\" class=\"h-row-container gutters-row-lg-2 gutters-row-md-2 gutters-row-0 gutters-row-v-lg-2 gutters-row-v-md-2 gutters-row-v-2 style-1243 style-local-6278-c21 position-relative\">\n        <!---->\n        <div class=\"h-row justify-content-lg-center justify-content-md-center justify-content-center align-items-lg-stretch align-items-md-stretch align-items-stretch gutters-col-lg-2 gutters-col-md-2 gutters-col-0 gutters-col-v-lg-2 gutters-col-v-md-2 gutters-col-v-2\">\n          <!---->\n          <div class=\"h-column h-column-container d-flex h-col-lg-auto h-col-md-auto h-col-auto style-1244-outer style-local-6278-c22-outer\">\n            <div data-colibri-id=\"6278-c22\" class=\"d-flex h-flex-basis h-column__inner h-px-lg-2 h-px-md-2 h-px-2 v-inner-lg-2 v-inner-md-2 v-inner-2 style-1244 style-local-6278-c22 position-relative\">\n              <!---->\n              <!---->\n              <div class=\"w-100 h-y-container h-column__content h-column__v-align flex-basis-100 align-self-lg-start align-self-md-start align-self-start\">\n                <!---->\n                <div data-colibri-component=\"video\" data-colibri-id=\"6278-c23\" class=\"d-block h-video d-block h-video style-1247 style-local-6278-c23 position-relative h-element\">\n                  <!---->\n                  <!---->\n                  <div class=\"video-container position-relative\">\n                    <div class=\"h-global-transition-all ratio-inner\"><iframe src=https:\/\/www.youtube.com\/embed\/nGxF2N6iR54?autoplay=0&#038;mute=0&#038;modestbranding=0&#038;rel=0&#038;enablejsapi=1&#038; class='h-video-main'  allowfullscreen><\/iframe><\/div>\n                  <\/div>\n                <\/div>\n              <\/div>\n            <\/div>\n          <\/div>\n          <div class=\"h-column h-column-container d-flex h-col-lg-auto h-col-md-auto h-col-auto style-1245-outer style-local-6278-c25-outer\">\n            <div data-colibri-id=\"6278-c25\" class=\"d-flex h-flex-basis h-column__inner h-px-lg-2 h-px-md-2 h-px-2 v-inner-lg-2 v-inner-md-2 v-inner-2 style-1245 style-local-6278-c25 position-relative\">\n              <!---->\n              <!---->\n              <div class=\"w-100 h-y-container h-column__content h-column__v-align flex-basis-100 align-self-lg-start align-self-md-start align-self-start\">\n                <!---->\n                <div data-colibri-component=\"video\" data-colibri-id=\"6278-c26\" class=\"d-block h-video d-block h-video style-1249 style-local-6278-c26 position-relative h-element\">\n                  <!---->\n                  <!---->\n                  <div class=\"video-container position-relative\">\n                    <div class=\"h-global-transition-all ratio-inner\"><iframe src=https:\/\/www.youtube.com\/embed\/pQzRpgA1gfI?autoplay=0&#038;mute=0&#038;modestbranding=0&#038;rel=0&#038;enablejsapi=1&#038; class='h-video-main'  allowfullscreen><\/iframe><\/div>\n                  <\/div>\n                <\/div>\n              <\/div>\n            <\/div>\n          <\/div>\n          <div class=\"h-column h-column-container d-flex h-col-lg-auto h-col-md-auto h-col-auto style-1246-outer style-local-6278-c28-outer\">\n            <div data-colibri-id=\"6278-c28\" class=\"d-flex h-flex-basis h-column__inner h-px-lg-2 h-px-md-2 h-px-2 v-inner-lg-2 v-inner-md-2 v-inner-2 style-1246 style-local-6278-c28 position-relative\">\n              <!---->\n              <!---->\n              <div class=\"w-100 h-y-container h-column__content h-column__v-align flex-basis-100 align-self-lg-start align-self-md-start align-self-start\">\n                <!---->\n                <div data-colibri-component=\"video\" data-colibri-id=\"6278-c29\" class=\"d-block h-video d-block h-video style-1251 style-local-6278-c29 position-relative h-element\">\n                  <!---->\n                  <!---->\n                  <div class=\"video-container position-relative\">\n                    <div class=\"h-global-transition-all ratio-inner\"><iframe src=https:\/\/www.youtube.com\/embed\/2Z8YmXjpzoQ?autoplay=0&#038;mute=0&#038;modestbranding=0&#038;rel=0&#038;enablejsapi=1&#038; class='h-video-main'  allowfullscreen><\/iframe><\/div>\n                  <\/div>\n                <\/div>\n              <\/div>\n            <\/div>\n          <\/div>\n        <\/div>\n      <\/div>\n    <\/div>\n  <\/div>\n<\/div>","protected":false},"excerpt":{"rendered":"<p>\u00c0 la recherche d\u2019un travail dans l&#8217;aide \u00e0 la personne, dans une association locale qui met en valeur&nbsp; le respect&nbsp;des relations humaines ? Vous \u00eates dipl\u00f4m\u00e9(e)&nbsp;Auxiliaire de vie sociale&nbsp;ou&nbsp;aide \u00e0 domicile.&nbsp;Vous souhaitez rejoindre une \u00e9quipe dynamique et soucieuse&nbsp;du bien-\u00eatre des personnes b\u00e9n\u00e9ficiaires de nos services ? Contactez&nbsp;Karine Gorynia&nbsp;au&nbsp;04 74 25 85 37&nbsp;&nbsp;&nbsp; ou par mail [&hellip;]<\/p>\n","protected":false},"author":1,"featured_media":0,"parent":0,"menu_order":0,"comment_status":"closed","ping_status":"closed","template":"page-templates\/full-width-page.php","meta":{"_monsterinsights_skip_tracking":false,"_monsterinsights_sitenote_active":false,"_monsterinsights_sitenote_note":"","_monsterinsights_sitenote_category":0,"footnotes":""},"class_list":["post-6278","page","type-page","status-publish","hentry"],"aioseo_notices":[],"_links":{"self":[{"href":"https:\/\/admrbresserevermont.com\/index.php\/wp-json\/wp\/v2\/pages\/6278","targetHints":{"allow":["GET"]}}],"collection":[{"href":"https:\/\/admrbresserevermont.com\/index.php\/wp-json\/wp\/v2\/pages"}],"about":[{"href":"https:\/\/admrbresserevermont.com\/index.php\/wp-json\/wp\/v2\/types\/page"}],"author":[{"embeddable":true,"href":"https:\/\/admrbresserevermont.com\/index.php\/wp-json\/wp\/v2\/users\/1"}],"replies":[{"embeddable":true,"href":"https:\/\/admrbresserevermont.com\/index.php\/wp-json\/wp\/v2\/comments?post=6278"}],"version-history":[{"count":19,"href":"https:\/\/admrbresserevermont.com\/index.php\/wp-json\/wp\/v2\/pages\/6278\/revisions"}],"predecessor-version":[{"id":8805,"href":"https:\/\/admrbresserevermont.com\/index.php\/wp-json\/wp\/v2\/pages\/6278\/revisions\/8805"}],"wp:attachment":[{"href":"https:\/\/admrbresserevermont.com\/index.php\/wp-json\/wp\/v2\/media?parent=6278"}],"curies":[{"name":"wp","href":"https:\/\/api.w.org\/{rel}","templated":true}]}}